What are the prime factors of j(r)?
2, 3
Let k = -54 + 45. List the prime factors of (-939)/k - (16/(-6) + 3).
2, 13
Let v be -12*(3 + 20/(-6)). Suppose -3*w - 5*r = -229, 24 + 117 = 2*w + r. Suppose 64 = v*i - w. List the prime factors of i.
3, 11
Let s = 16 - 38. Let n = 36 + s. List the prime factors of n.
2, 7
Suppose 6920 = 10*b + 1810. What are the prime factors of b?
7, 73
List the prime factors of (-4)/(2/(2270/5665) + -5).
2, 227
Let p = 1174 - -1500. List the prime factors of p.
2, 7, 191
Let q = 1103 - -1489. What are the prime factors of q?
2, 3
Suppose -5*j + 8*j + 138 = 0. Let k = 73 + j. Suppose 0 = o - 2*g, g = 3*o + 2*o - k. What are the prime factors of o?
2, 3
Let m(i) = -i**3 + 29*i**2 - 52*i - 50. List the prime factors of m(26).
2, 313
Suppose 5*x + 892 - 3277 = 0. What are the prime factors of x?
3, 53
Let x(z) be the third derivative of z**7/5040 + 11*z**6/240 - 11*z**5/60 - z**2. Let j(y) be the third derivative of x(y). What are the prime factors of j(-16)?
17
Let k = -1119 - -3380. What are the prime factors of k?
7, 17, 19
Suppose -5*l = 2*j - 34, 1 = -l + 5*j - 3. Suppose -l*x + 4 = -2*x. Suppose -2*b + 79 = -x. List the prime factors of b.
2, 5
Suppose -3*s = -3*j - 1083, -534 - 915 = 4*j - 5*s. Let k = -17 + 13. List the prime factors of j/(-12) - k/(-6).
29
Suppose -2*g + 4*g + 2 = 0. Let f be g/2 + (-54)/(-12). Suppose f*k + k + 4*i = 117, 5*i = 15. List the prime factors of k.
3, 7
Let i(x) = -5*x - 5. Let d be i(-4). Suppose d = y + 4*y. Suppose 0 = y*h - 2*h - 23. List the prime factors of h.
23
Suppose -3*m + 25776 = 21*m. List the prime factors of m.
2, 3, 179
Let u = -3 - -39. What are the prime factors of u?
2, 3
Let p = 738 + -82. List the prime factors of p.
2, 41
Let u = -2 + 5. Suppose -3*o + 2*g = -593, -u*o + 191 + 404 = -g. Suppose -5*d = t - 74 - 128, 0 = 5*d + 2*t - o. List the prime factors of d.
41
List the prime factors of 25431/12 - ((-91)/52 + 1).
2, 5, 53
Let t(q) = 30*q + 16 + 52*q - 127*q. What are the prime factors of t(-2)?
2, 53
Let x(r) = 51*r + 121. List the prime factors of x(5).
2, 47
Suppose 3863 = o + 2*s, 19279 = 6*o - o + s. What are the prime factors of o?
3, 5, 257
Suppose 2*z - 4 = -0*z - 4*j, 2*j = -2*z + 2. Suppose 5*i - 2*i - 237 = z. List the prime factors of i.
79
Let u(p) = -18*p**2 - p + 1. Let m be u(1). What are the prime factors of 24/m + 68/6?
2, 5
Suppose -c + 917 - 142 = 0. List the prime factors of c.
5, 31
Let z(k) = 2*k**3 + k**2 + 11*k + 8. Let g(l) = 5*l**3 + 3*l**2 + 34*l + 23. Let m(h) = -3*g(h) + 8*z(h). What are the prime factors of m(6)?
7, 13
Suppose 3*l + 30 = 6*l. Suppose 0*w - 2*w - m = -34, w + 4*m - l = 0. What are the prime factors of w?
2, 3
Let a(p) = -336*p - 390. What are the prime factors of a(-11)?
2, 3, 19, 29
Suppose 2*p + 2110 = 2*w - 2*p, 0 = p - 5. List the prime factors of w.
3, 5, 71
Let u = -58 + 58. Suppose -24*i + 22*i + 484 = u. List the prime factors of i.
2, 11
Suppose -3*u - 3*l + 708 = 0, 0 = 2*u - 0*l + 3*l - 477. Suppose 237 = 4*z - m, 0*z = 4*z - 3*m - u. Suppose 6*p - 3*p - z = 0. What are the prime factors of p?
2, 5
Suppose -2*r = v - 9, 0 = -v - 2*v + 15. Let j = r - -4. Suppose 2*h = 3*d - 2*d - 13, -j = -2*h. What are the prime factors of d?
19
Let t(h) = -h**3 - 3*h**2 - 3*h - 7. Let o be t(-3). Suppose -5*k = -25, o*k - 395 - 95 = -5*w. List the prime factors of w.
2, 3
Suppose 8*z - 1029 = -37. Suppose 2*u = -2*b + 40, -u - 3*b - z = -6*u. What are the prime factors of u?
23
Suppose -3 = -w, -302*d + 5*w = -303*d + 2916. What are the prime factors of d?
3, 967
Suppose 2*o = 3*f - 28, -5*o - 48 + 11 = -2*f. Suppose -n - f*n = 84. List the prime factors of (-165)/n + 24/(-32).
13
Suppose -a - 108 = -359. Suppose 0 = 5*v + 56 - a. What are the prime factors of v?
3, 13
Let g(p) be the first derivative of p**6/360 - p**5/60 + p**4/24 - p**3 + 4. Let a(r) be the third derivative of g(r). What are the prime factors of a(6)?
5
Let u = 1026 + -490. List the prime factors of u.
2, 67
Let y(r) = r**3 + r**2 + r. Let m be y(0). Let i(c) be the third derivative of -c**5/60 + 20*c**3/3 + 11*c**2. What are the prime factors of i(m)?
2, 5
Suppose 9*s + 3 = 6*s. Let x be (-6)/(-3) + 1/s. Let j = 19 + x. List the prime factors of j.
2, 5
Let c = -7 + 10. Suppose 0 = -3*i - c*i + 54. What are the prime factors of i?
3
Let b = 318 + 1093. What are the prime factors of b?
17, 83
Let h = 516 + -30. List the prime factors of h.
2, 3
List the prime factors of 0 - 796/(-6) - (-5)/15.
7, 19
Let q be (-103)/(-4) - (-2)/8. Let y = q + -22. Suppose -3*a = -14 - y. What are the prime factors of a?
2, 3
Let n = 13 + -15. Let c be (1 - 0)/((-1)/n). What are the prime factors of c/9 + (-856)/(-36)?
2, 3
Let x(n) = -3 - 5 + 4 - 4*n - 7*n. What are the prime factors of x(-9)?
5, 19
Let p(j) = -2*j**2 + 13*j - 7. Let x(n) = n**2 - 7*n + 3. Let b(k) = -3*p(k) - 7*x(k). Let l be b(-7). Let v = -66 - l. What are the prime factors of v?
53
Suppose 0 = -55*k + 40*k + 3315. What are the prime factors of k?
13, 17
Let l = -2264 - -5761. List the prime factors of l.
13, 269
Let z(m) = -m**3 + 10*m**2 - 4*m - 10. Suppose -5*q = d + 5, -4*q = -2*d - 3*d + 33. What are the prime factors of z(d)?
5, 19
Let l(q) = q - 12. Let r be l(12). Let o(b) = -2*b - 3*b + 0 + r. List the prime factors of o(-3).
3, 5
Let p = -39 - -342. Suppose -21*h = -24*h + p. What are the prime factors of h?
101
Let a be (-528)/(-55) - (6/(-15) - 0). Suppose 296 = -a*x + 12*x. What are the prime factors of x?
2, 37
Suppose -4*y + 4*g = 20, 0*y - 3*g + 21 = -4*y. List the prime factors of y/(-21) - (-3 + 173/(-7)).
2, 7
Let o(g) = -g + 1. Let f be o(3). Let q be (-4 + 5)*f/(-1). Suppose -2*d = c - 130, -5*d + q*c + 310 = -3*c. What are the prime factors of d?
2
Let x = 10 + -8. Suppose -885 = -x*m - 3*m. Suppose -5*b + h = -176, 0 = -0*b + 5*b - 2*h - m. What are the prime factors of b?
5, 7
Let v(u) = -2*u**3 + 14*u**2 - 4*u + 8. Let n be v(7). Suppose -a + 6*c = 5*c - 38, -3*a = 3*c - 114. Let q = n + a. List the prime factors of q.
2, 3
Let m(f) = f + 1. Let z(h) = 15*h + 8. Let x(i) = -4*m(i) + z(i). List the prime factors of x(6).
2, 5, 7
Let m(u) = -2*u**2 - 5*u - 2. Let b be m(-5). Let k be 2/(-3) - (-1035)/b. Let t = k - -75. List the prime factors of t.
2, 3
Let y(k) = -668*k - 32. What are the prime factors of y(-5)?
2, 827
Let l(w) = 2*w - 10. Let o be l(7). Suppose 3*x = q - 4, o*x - 2*q + 8 = 3*x. Suppose 2*z = -x*z + 42. What are the prime factors of z?
3, 7
Suppose 0 = 4*z - 81 - 35. Let s = -29 + z. Suppose s = -5*p + p + 4*n + 168, -n + 2 = 0. What are the prime factors of p?
2, 11
Let x(z) = 8*z**2 + 20*z - 17. What are the prime factors of x(7)?
5, 103
Let j(m) = -6*m - 4. Let w(u) = -u. Let r(s) = -j(s) + 8*w(s). Let o = 11 - 21. List the prime factors of r(o).
2, 3
Let z be (-444)/(-22) - 14/77. Suppose 6*k - z = k. Suppose l - u - 20 = 0, -k + 2 = -l - 5*u. List the prime factors of l.
17
Suppose 5*p - 2*j + 3*j - 921 = 0, p = -3*j + 187. Let x = p + -76. What are the prime factors of x?
2, 3
Let k(o) = 0*o**2 + 7*o**2 - 4 + o**2 - 4*o - 7*o**2. Let q be k(5). Let g = q + 17. What are the prime factors of g?
2, 3
Let z be (3 + -1)*5/10. What are the prime factors of z*-2 - -9 - 28/7?
3
Suppose -8*k = 4*k. Suppose k = -4*h + b - 3*b + 162, -126 = -3*h - 3*b. What are the prime factors of h?
3, 13
Let i(x) be the first derivative of x**3/3 + 5*x**2/2 - 19*x - 17. What are the prime factors of i(-12)?
5, 13
Let v be (-5 - -4)/((-1)/39). Let g = v + -2. List the prime factors of (14 + -18)*g/(-4).
37
List the prime factors of 6*(-3)/(-9) + 2182.
2, 3, 7, 13
Let p(v) = v**2 - 5*v + 3. Let r be p(2). List the prime factors of ((-429)/1)/r - -3.
2, 73
Let a(l) = l**3 - 12*l**2 - 28*l + 4. Suppose 8*u - 106 = 6. What are the prime factors of a(u)?
2
Let o(n) = -3*n**3 - 10*n**2 + n. Let d be o(-4). Suppose -4*m = -0*m. Suppose 4*b - 87 = -2*z + 25, m = -b + 4*z + d. List the prime factors of b.
2, 7
Suppose -191 = 2*z - 2*g - 1505, 2*z - 1311 = 3*g. What are the prime factors of z?
2, 3, 5, 11
Let v = 7 - 3. Suppose -5*y - 2*f = -101, y - 13 = -0*f - v*f. What are the prime factors of y + (5 - 4 - 1)?
3, 7
Let d = -20 + 81. Let p = d + -17. List the prime factors of